{"id":1293,"date":"2021-11-25T02:40:19","date_gmt":"2021-11-25T02:40:19","guid":{"rendered":"https:\/\/panoramacritico.com\/revista\/?page_id=1293"},"modified":"2021-12-02T21:53:07","modified_gmt":"2021-12-02T21:53:07","slug":"quem-somos","status":"publish","type":"page","link":"https:\/\/panoramacritico.com\/revista\/quem-somos\/","title":{"rendered":"Quem somos"},"content":{"rendered":"\n<hr class=\"wp-block-separator has-text-color has-background has-cyan-bluish-gray-background-color has-cyan-bluish-gray-color is-style-wide\"\/>\n\n\n\n<p class=\"has-vivid-red-color has-text-color has-medium-font-size\"><em>Qual a\u00e7\u00e3o \u00e9<span class=\"has-inline-color has-black-color\"> <\/span>poss\u00edvel do lugar de onde estamos?<\/em><\/p>\n\n\n\n<p class=\"has-black-color has-text-color\">Foi partindo desse questionamento que a Panorama Cr\u00edtico surgiu.<\/p>\n\n\n\n<p class=\"has-black-color has-text-color\">Transformamos em a\u00e7\u00e3o o desejo de resistir e pertencer criando novos espa\u00e7os para autores iniciantes poderem fazer suas produ\u00e7\u00f5es circularem e alcan\u00e7ar o p\u00fablico. Tudo come\u00e7ou com a cria\u00e7\u00e3o, em 2008, da <a href=\"https:\/\/panoramacritico.com\/revista\/revista\/\" data-type=\"page\" data-id=\"1206\"><strong>Revista Panorama Cr\u00edtico<\/strong><\/a>, sendo o nosso <em>marco zero<\/em> em publica\u00e7\u00f5es, possibilitando nossa inser\u00e7\u00e3o no mercado editorial.<\/p>\n\n\n\n<p class=\"has-black-color has-text-color\">A publica\u00e7\u00e3o da revista possibilitou que a  Panorama Cr\u00edtico atingisse grande recep\u00e7\u00e3o e acolhimento pelo p\u00fablico, fazendo com que diversas publica\u00e7\u00f5es fossem realizadas pelo nosso selo. Tamb\u00e9m foram realizadas parcerias e eventos, expandindo nossa atua\u00e7\u00e3o.<\/p>\n\n\n\n<p class=\"has-black-color has-text-color\">Surgida de um grupo de artistas visuais, Panorama Cr\u00edtico est\u00e1, atualmente, procurando se reinventar e se redescobrir enquanto parte de um todo, buscando novos desafios e oportunidades atrav\u00e9s de parcerias e contando com novos integrantes em seu coletivo de artistas.<\/p>\n\n\n\n<p><\/p>\n","protected":false},"excerpt":{"rendered":"<p>Qual a\u00e7\u00e3o \u00e9 poss\u00edvel do lugar de onde estamos? Foi partindo desse questionamento que a Panorama Cr\u00edtico surgiu. Transformamos em a\u00e7\u00e3o o desejo de resistir e pertencer criando novos espa\u00e7os para autores iniciantes poderem fazer suas produ\u00e7\u00f5es circularem e alcan\u00e7ar o p\u00fablico. Tudo come\u00e7ou com a cria\u00e7\u00e3o, em 2008, da Revista Panorama Cr\u00edtico, sendo o [&hellip;]<\/p>\n","protected":false},"author":3,"featured_media":0,"parent":0,"menu_order":0,"comment_status":"closed","ping_status":"closed","template":"","meta":{"footnotes":""},"class_list":["post-1293","page","type-page","status-publish","hentry","post"],"_links":{"self":[{"href":"https:\/\/panoramacritico.com\/revista\/wp-json\/wp\/v2\/pages\/1293","targetHints":{"allow":["GET"]}}],"collection":[{"href":"https:\/\/panoramacritico.com\/revista\/wp-json\/wp\/v2\/pages"}],"about":[{"href":"https:\/\/panoramacritico.com\/revista\/wp-json\/wp\/v2\/types\/page"}],"author":[{"embeddable":true,"href":"https:\/\/panoramacritico.com\/revista\/wp-json\/wp\/v2\/users\/3"}],"replies":[{"embeddable":true,"href":"https:\/\/panoramacritico.com\/revista\/wp-json\/wp\/v2\/comments?post=1293"}],"version-history":[{"count":11,"href":"https:\/\/panoramacritico.com\/revista\/wp-json\/wp\/v2\/pages\/1293\/revisions"}],"predecessor-version":[{"id":1495,"href":"https:\/\/panoramacritico.com\/revista\/wp-json\/wp\/v2\/pages\/1293\/revisions\/1495"}],"wp:attachment":[{"href":"https:\/\/panoramacritico.com\/revista\/wp-json\/wp\/v2\/media?parent=1293"}],"curies":[{"name":"wp","href":"https:\/\/api.w.org\/{rel}","templated":true}]}}