{"id":248,"date":"2021-11-04T20:22:59","date_gmt":"2021-11-04T20:22:59","guid":{"rendered":"http:\/\/br1056.teste.website\/~panor514\/revista.panoramacritico.com\/?page_id=248"},"modified":"2021-12-15T18:25:41","modified_gmt":"2021-12-15T18:25:41","slug":"onde-o-desenho-germina","status":"publish","type":"page","link":"https:\/\/panoramacritico.com\/revista\/livros\/onde-o-desenho-germina\/","title":{"rendered":"Onde o desenho germina"},"content":{"rendered":"\n<div class=\"wp-block-media-text alignwide is-stacked-on-mobile is-vertically-aligned-top\" style=\"grid-template-columns:45% auto\"><figure class=\"wp-block-media-text__media\"><img loading=\"lazy\" decoding=\"async\" width=\"1024\" height=\"690\" src=\"https:\/\/panoramacritico.com\/revista\/wp-content\/uploads\/2021\/11\/Onde-o-Desenho-Germina-3-1024x690.png\" alt=\"\" class=\"wp-image-232 size-full\" srcset=\"https:\/\/panoramacritico.com\/revista\/wp-content\/uploads\/2021\/11\/Onde-o-Desenho-Germina-3-1024x690.png 1024w, https:\/\/panoramacritico.com\/revista\/wp-content\/uploads\/2021\/11\/Onde-o-Desenho-Germina-3-300x202.png 300w, https:\/\/panoramacritico.com\/revista\/wp-content\/uploads\/2021\/11\/Onde-o-Desenho-Germina-3-768x517.png 768w, https:\/\/panoramacritico.com\/revista\/wp-content\/uploads\/2021\/11\/Onde-o-Desenho-Germina-3.png 1250w\" sizes=\"auto, (max-width: 1024px) 100vw, 1024px\" \/><\/figure><div class=\"wp-block-media-text__content\">\n<p><em>Org.: Lilian Maus&nbsp;<\/em><\/p>\n\n\n\n<p>&#8220;Este cat\u00e1logo bil\u00edngue documenta a exposi\u00e7\u00e3o individual \u201cOnde o desenho germina\u201d, de Lilian Maus, realizada entre 12 de junho e 10 de agosto de 2012. Fl\u00e1vio Gon\u00e7alves, artista e professor Dr. Do Instituto de Artes\/UFRGS, participa como autor do texto \u201cO desenho como \u00e1rea de cultivo\u201d, em que comenta a produ\u00e7\u00e3o da artista em um mergulho preciso sobre seu processo de trabalho. O texto de apresenta\u00e7\u00e3o \u00e9 assinado pela artista.<br><em>This bilingual catalog documents the solo exhibition &#8220;&#8221;Onde o Desenho Germina&#8221;&#8221;, by Lilian Maus, happened between June 12 and August 10, 2012. Flavio Goncalves, artist and professor at Institute Of Arts \/ UFRGS, participate as an author of the text &#8220;&#8221;Drawing as cultivation area&#8221;&#8221; in which the artist comments Lilian&#8217;s production on a precise dive about herr work process. The presentation text is signed by the artist.&#8221;<\/em> <\/p>\n\n\n\n<p> Dispon\u00edvel para download gratuito:<br><a href=\"https:\/\/www.dropbox.com\/s\/8bynofv7igg49u1\/Onde_o_Desenho_Germina_Web.pdf?dl=1\" data-type=\"URL\" data-id=\"https:\/\/www.dropbox.com\/s\/8bynofv7igg49u1\/Onde_o_Desenho_Germina_Web.pdf?dl=1\" target=\"_blank\" rel=\"noreferrer noopener\">pdf<\/a> <\/p>\n<\/div><\/div>\n\n\n\n<p class=\"has-small-font-size\">ISBN: 9788563870070<br>Idioma: portugu\u00eas \/ ingl\u00eas<br>Edi\u00e7\u00e3o: 1\u00aa <br>Ano: 2012<br>P\u00e1ginas: 20<\/p>\n","protected":false},"excerpt":{"rendered":"<p>Org.: Lilian Maus&nbsp; &#8220;Este cat\u00e1logo bil\u00edngue documenta a exposi\u00e7\u00e3o individual \u201cOnde o desenho germina\u201d, de Lilian Maus, realizada entre 12 de junho e 10 de agosto de 2012. Fl\u00e1vio Gon\u00e7alves, artista e professor Dr. Do Instituto de Artes\/UFRGS, participa como autor do texto \u201cO desenho como \u00e1rea de cultivo\u201d, em que comenta a produ\u00e7\u00e3o da [&hellip;]<\/p>\n","protected":false},"author":3,"featured_media":0,"parent":95,"menu_order":0,"comment_status":"closed","ping_status":"closed","template":"","meta":{"footnotes":""},"class_list":["post-248","page","type-page","status-publish","hentry","post"],"_links":{"self":[{"href":"https:\/\/panoramacritico.com\/revista\/wp-json\/wp\/v2\/pages\/248","targetHints":{"allow":["GET"]}}],"collection":[{"href":"https:\/\/panoramacritico.com\/revista\/wp-json\/wp\/v2\/pages"}],"about":[{"href":"https:\/\/panoramacritico.com\/revista\/wp-json\/wp\/v2\/types\/page"}],"author":[{"embeddable":true,"href":"https:\/\/panoramacritico.com\/revista\/wp-json\/wp\/v2\/users\/3"}],"replies":[{"embeddable":true,"href":"https:\/\/panoramacritico.com\/revista\/wp-json\/wp\/v2\/comments?post=248"}],"version-history":[{"count":10,"href":"https:\/\/panoramacritico.com\/revista\/wp-json\/wp\/v2\/pages\/248\/revisions"}],"predecessor-version":[{"id":1096,"href":"https:\/\/panoramacritico.com\/revista\/wp-json\/wp\/v2\/pages\/248\/revisions\/1096"}],"up":[{"embeddable":true,"href":"https:\/\/panoramacritico.com\/revista\/wp-json\/wp\/v2\/pages\/95"}],"wp:attachment":[{"href":"https:\/\/panoramacritico.com\/revista\/wp-json\/wp\/v2\/media?parent=248"}],"curies":[{"name":"wp","href":"https:\/\/api.w.org\/{rel}","templated":true}]}}