{"id":250,"date":"2021-11-04T20:26:24","date_gmt":"2021-11-04T20:26:24","guid":{"rendered":"http:\/\/br1056.teste.website\/~panor514\/revista.panoramacritico.com\/?page_id=250"},"modified":"2021-11-23T12:36:49","modified_gmt":"2021-11-23T12:36:49","slug":"entre-imagens-e-palavras-praticas-e-pesquisas-na-eja","status":"publish","type":"page","link":"https:\/\/panoramacritico.com\/revista\/livros\/entre-imagens-e-palavras-praticas-e-pesquisas-na-eja\/","title":{"rendered":"Entre imagens e palavras: pr\u00e1ticas e pesquisas na EJA"},"content":{"rendered":"\n<div class=\"wp-block-media-text alignwide is-stacked-on-mobile is-vertically-aligned-top\" style=\"grid-template-columns:37% auto\"><figure class=\"wp-block-media-text__media\"><img loading=\"lazy\" decoding=\"async\" width=\"721\" height=\"1024\" src=\"https:\/\/panoramacritico.com\/revista\/wp-content\/uploads\/2021\/11\/Entre-imagens-e-palavras_-praticas-e-pesquisas-na-EJA-721x1024.png\" alt=\"\" class=\"wp-image-220 size-full\" srcset=\"https:\/\/panoramacritico.com\/revista\/wp-content\/uploads\/2021\/11\/Entre-imagens-e-palavras_-praticas-e-pesquisas-na-EJA-721x1024.png 721w, https:\/\/panoramacritico.com\/revista\/wp-content\/uploads\/2021\/11\/Entre-imagens-e-palavras_-praticas-e-pesquisas-na-EJA-211x300.png 211w, https:\/\/panoramacritico.com\/revista\/wp-content\/uploads\/2021\/11\/Entre-imagens-e-palavras_-praticas-e-pesquisas-na-EJA-768x1090.png 768w, https:\/\/panoramacritico.com\/revista\/wp-content\/uploads\/2021\/11\/Entre-imagens-e-palavras_-praticas-e-pesquisas-na-EJA-1082x1536.png 1082w, https:\/\/panoramacritico.com\/revista\/wp-content\/uploads\/2021\/11\/Entre-imagens-e-palavras_-praticas-e-pesquisas-na-EJA-1443x2048.png 1443w, https:\/\/panoramacritico.com\/revista\/wp-content\/uploads\/2021\/11\/Entre-imagens-e-palavras_-praticas-e-pesquisas-na-EJA-1024x1454.png 1024w, https:\/\/panoramacritico.com\/revista\/wp-content\/uploads\/2021\/11\/Entre-imagens-e-palavras_-praticas-e-pesquisas-na-EJA-761x1080.png 761w, https:\/\/panoramacritico.com\/revista\/wp-content\/uploads\/2021\/11\/Entre-imagens-e-palavras_-praticas-e-pesquisas-na-EJA.png 1747w\" sizes=\"auto, (max-width: 721px) 100vw, 721px\" \/><\/figure><div class=\"wp-block-media-text__content\">\n<p><em>Org.: Ana Claudia F. Godinho e Denis Nicola F. de Souza<\/em><\/p>\n\n\n\n<p>Educadores e educadoras de jovens e adultos que narram situa\u00e7\u00f5es de sala de aula, seus impasses e conquistas, presentes em seu cotidiano na escola p\u00fablica. Um objetivo em comum: problematizar as pr\u00f3prias pr\u00e1ticas para produzir ou identificar saberes ligados ao trabalho docente. Experi\u00eancias de trabalho que se confrontaram, criando v\u00ednculos ou distanciamentos entre os integrantes dos grupos. De qualquer modo, experi\u00eancias que permitem comparar realidades, identificar desafios comuns, alternativas distintas, constru\u00eddas em escolas p\u00fablicas situadas em munic\u00edpios variados: Alvorada, Cachoeirinha, Camaqu\u00e3, Chuvisca, Canoas, Esteio, Gravata\u00ed, Muitos Cap\u00f5es, Porto Alegre, S\u00e3o Leopoldo, Sapucaia do Sul e Viam\u00e3o. Foi nesse contexto que cerca de 40 docentes e gestores, selecionaram temas que os inquietavam em seus espa\u00e7os de trabalho e, a partir da\u00ed, discutiram, estudaram, coletaram e analisaram dados. Temas que os confrontaram com pesquisas na \u00e1rea. Enfim, desafiaram-se a ser autores e autoras de textos (visuais ou verbais) que abordassem justamente os desafios da EJA, ou seja, os aspectos que desacomodam e, por isso, instigam seu pensar.<\/p>\n\n\n\n<p>Dispon\u00edvel para download gratuito:<br><a href=\"https:\/\/www.dropbox.com\/s\/b19bt1p4m24i3yr\/Entre%20imagens%20e%20palavras.epub?dl=1\" data-type=\"URL\" data-id=\"https:\/\/www.dropbox.com\/s\/b19bt1p4m24i3yr\/Entre%20imagens%20e%20palavras.epub?dl=1\" target=\"_blank\" rel=\"noreferrer noopener\">epub<\/a><br><a href=\"https:\/\/www.dropbox.com\/s\/e263q91fnw2d0bm\/Entre%20imagens%20e%20palavras.mobi?dl=1\" data-type=\"URL\" data-id=\"https:\/\/www.dropbox.com\/s\/e263q91fnw2d0bm\/Entre%20imagens%20e%20palavras.mobi?dl=1\" target=\"_blank\" rel=\"noreferrer noopener\">mobi<\/a><br><a href=\"https:\/\/www.dropbox.com\/s\/9qswgiilnebju7t\/Entre%2Bimagens%2Be%2Bpalavras.pdf?dl=1\" data-type=\"URL\" data-id=\"https:\/\/www.dropbox.com\/s\/9qswgiilnebju7t\/Entre%2Bimagens%2Be%2Bpalavras.pdf?dl=1\" target=\"_blank\" rel=\"noreferrer noopener\">pdf<\/a> <\/p>\n<\/div><\/div>\n\n\n\n<p class=\"has-small-font-size\">ISBN: 9788563870087<br>Idioma: portugu\u00eas<br>Edi\u00e7\u00e3o: 1\u00aa<br>Ano: 2012<br>P\u00e1ginas: 164<\/p>\n","protected":false},"excerpt":{"rendered":"<p>Org.: Ana Claudia F. Godinho e Denis Nicola F. de Souza Educadores e educadoras de jovens e adultos que narram situa\u00e7\u00f5es de sala de aula, seus impasses e conquistas, presentes em seu cotidiano na escola p\u00fablica. Um objetivo em comum: problematizar as pr\u00f3prias pr\u00e1ticas para produzir ou identificar saberes ligados ao trabalho docente. Experi\u00eancias de [&hellip;]<\/p>\n","protected":false},"author":3,"featured_media":0,"parent":95,"menu_order":0,"comment_status":"closed","ping_status":"closed","template":"","meta":{"footnotes":""},"class_list":["post-250","page","type-page","status-publish","hentry","post"],"_links":{"self":[{"href":"https:\/\/panoramacritico.com\/revista\/wp-json\/wp\/v2\/pages\/250","targetHints":{"allow":["GET"]}}],"collection":[{"href":"https:\/\/panoramacritico.com\/revista\/wp-json\/wp\/v2\/pages"}],"about":[{"href":"https:\/\/panoramacritico.com\/revista\/wp-json\/wp\/v2\/types\/page"}],"author":[{"embeddable":true,"href":"https:\/\/panoramacritico.com\/revista\/wp-json\/wp\/v2\/users\/3"}],"replies":[{"embeddable":true,"href":"https:\/\/panoramacritico.com\/revista\/wp-json\/wp\/v2\/comments?post=250"}],"version-history":[{"count":6,"href":"https:\/\/panoramacritico.com\/revista\/wp-json\/wp\/v2\/pages\/250\/revisions"}],"predecessor-version":[{"id":1087,"href":"https:\/\/panoramacritico.com\/revista\/wp-json\/wp\/v2\/pages\/250\/revisions\/1087"}],"up":[{"embeddable":true,"href":"https:\/\/panoramacritico.com\/revista\/wp-json\/wp\/v2\/pages\/95"}],"wp:attachment":[{"href":"https:\/\/panoramacritico.com\/revista\/wp-json\/wp\/v2\/media?parent=250"}],"curies":[{"name":"wp","href":"https:\/\/api.w.org\/{rel}","templated":true}]}}