{"id":257,"date":"2021-11-04T20:36:06","date_gmt":"2021-11-04T20:36:06","guid":{"rendered":"http:\/\/br1056.teste.website\/~panor514\/revista.panoramacritico.com\/?page_id=257"},"modified":"2021-11-23T12:36:08","modified_gmt":"2021-11-23T12:36:08","slug":"br116-circuitos-independentes-em-transito","status":"publish","type":"page","link":"https:\/\/panoramacritico.com\/revista\/livros\/br116-circuitos-independentes-em-transito\/","title":{"rendered":"BR116: Circuitos Independentes em Tr\u00e2nsito"},"content":{"rendered":"\n<div class=\"wp-block-media-text alignwide is-stacked-on-mobile is-vertically-aligned-top\" style=\"grid-template-columns:47% auto\"><figure class=\"wp-block-media-text__media\"><img loading=\"lazy\" decoding=\"async\" width=\"1024\" height=\"709\" src=\"https:\/\/panoramacritico.com\/revista\/wp-content\/uploads\/2021\/11\/BR116_capa-1024x709.jpg\" alt=\"\" class=\"wp-image-216 size-full\" srcset=\"https:\/\/panoramacritico.com\/revista\/wp-content\/uploads\/2021\/11\/BR116_capa-1024x709.jpg 1024w, https:\/\/panoramacritico.com\/revista\/wp-content\/uploads\/2021\/11\/BR116_capa-300x208.jpg 300w, https:\/\/panoramacritico.com\/revista\/wp-content\/uploads\/2021\/11\/BR116_capa-768x532.jpg 768w, https:\/\/panoramacritico.com\/revista\/wp-content\/uploads\/2021\/11\/BR116_capa.jpg 1110w\" sizes=\"auto, (max-width: 1024px) 100vw, 1024px\" \/><\/figure><div class=\"wp-block-media-text__content\">\n<p><em>Org.: Lilian Maus&nbsp;<\/em><\/p>\n\n\n\n<p>Com o objetivo de fortalecer rela\u00e7\u00f5es de troca entre espa\u00e7os art\u00edsticos independentes, al\u00e9m de estimular a cria\u00e7\u00e3o de p\u00fablico para as artes visuais e difundir a produ\u00e7\u00e3o art\u00edstica do Rio Grande do Sul, a Secretaria de Estado da Cultura do RS, o Atelier Subterr\u00e2nea e a Casa Paralela apresentam as exposi\u00e7\u00f5es paralelas Tr\u00eas Esta\u00e7\u00f5es (Porto Alegre) e Transfer\u00eancias Tempor\u00e1rias (Pelotas), financiadas pelo Fundo de Apoio \u00e0 Cultura, da Secretaria de Estado da Cultura. Mais do que desenvolver produ\u00e7\u00f5es art\u00edsticas, o BR116 cumpriu o papel de consolidar, enquanto projeto, um espa\u00e7o de di\u00e1logo e coopera\u00e7\u00e3o no qual foram protagonistas todos os agentes envolvidos em processos relacionados \u00e0 arte contempor\u00e2nea \u2014 de artistas a gestores, de visitantes \u00e0 rede de ensino, de produtores a realizadores. Foi durante um percurso repleto de experi\u00eancias marcantes de trocas e conversas que diferentes redes foram estabelecidas em prol do desenvolvimento e difus\u00e3o da produ\u00e7\u00e3o art\u00edstica, conectando a capital e o interior do estado. <\/p>\n\n\n\n<p>Dispon\u00edvel para download gratuito:<br><a href=\"https:\/\/www.dropbox.com\/s\/j5jqeor1jrdsttp\/BR116.pdf?dl=1\" data-type=\"URL\" data-id=\"https:\/\/www.dropbox.com\/s\/j5jqeor1jrdsttp\/BR116.pdf?dl=1\" target=\"_blank\" rel=\"noreferrer noopener\">pdf<\/a><\/p>\n<\/div><\/div>\n\n\n\n<p class=\"has-small-font-size\">ISBN: 9788563870117<br>Idioma: portugu\u00eas<br>Edi\u00e7\u00e3o: 1\u00aa <br>Ano: 2012<br>P\u00e1ginas: 40<\/p>\n","protected":false},"excerpt":{"rendered":"<p>Org.: Lilian Maus&nbsp; Com o objetivo de fortalecer rela\u00e7\u00f5es de troca entre espa\u00e7os art\u00edsticos independentes, al\u00e9m de estimular a cria\u00e7\u00e3o de p\u00fablico para as artes visuais e difundir a produ\u00e7\u00e3o art\u00edstica do Rio Grande do Sul, a Secretaria de Estado da Cultura do RS, o Atelier Subterr\u00e2nea e a Casa Paralela apresentam as exposi\u00e7\u00f5es paralelas [&hellip;]<\/p>\n","protected":false},"author":3,"featured_media":0,"parent":95,"menu_order":0,"comment_status":"closed","ping_status":"closed","template":"","meta":{"footnotes":""},"class_list":["post-257","page","type-page","status-publish","hentry","post"],"_links":{"self":[{"href":"https:\/\/panoramacritico.com\/revista\/wp-json\/wp\/v2\/pages\/257","targetHints":{"allow":["GET"]}}],"collection":[{"href":"https:\/\/panoramacritico.com\/revista\/wp-json\/wp\/v2\/pages"}],"about":[{"href":"https:\/\/panoramacritico.com\/revista\/wp-json\/wp\/v2\/types\/page"}],"author":[{"embeddable":true,"href":"https:\/\/panoramacritico.com\/revista\/wp-json\/wp\/v2\/users\/3"}],"replies":[{"embeddable":true,"href":"https:\/\/panoramacritico.com\/revista\/wp-json\/wp\/v2\/comments?post=257"}],"version-history":[{"count":7,"href":"https:\/\/panoramacritico.com\/revista\/wp-json\/wp\/v2\/pages\/257\/revisions"}],"predecessor-version":[{"id":1084,"href":"https:\/\/panoramacritico.com\/revista\/wp-json\/wp\/v2\/pages\/257\/revisions\/1084"}],"up":[{"embeddable":true,"href":"https:\/\/panoramacritico.com\/revista\/wp-json\/wp\/v2\/pages\/95"}],"wp:attachment":[{"href":"https:\/\/panoramacritico.com\/revista\/wp-json\/wp\/v2\/media?parent=257"}],"curies":[{"name":"wp","href":"https:\/\/api.w.org\/{rel}","templated":true}]}}