{"id":265,"date":"2021-11-04T20:51:27","date_gmt":"2021-11-04T20:51:27","guid":{"rendered":"http:\/\/br1056.teste.website\/~panor514\/revista.panoramacritico.com\/?page_id=265"},"modified":"2021-11-23T12:35:41","modified_gmt":"2021-11-23T12:35:41","slug":"atlas-de-sensibilidade-ambiental-ao-oleo-da-bacia-maritima-de-pelotas-3","status":"publish","type":"page","link":"https:\/\/panoramacritico.com\/revista\/livros\/atlas-de-sensibilidade-ambiental-ao-oleo-da-bacia-maritima-de-pelotas-3\/","title":{"rendered":"Atlas de Sensibilidade Ambiental ao \u00d3leo da Bacia Mar\u00edtima de Pelotas"},"content":{"rendered":"\n<div class=\"wp-block-media-text alignwide is-stacked-on-mobile is-vertically-aligned-top\" style=\"grid-template-columns:47% auto\"><figure class=\"wp-block-media-text__media\"><img loading=\"lazy\" decoding=\"async\" width=\"1024\" height=\"736\" src=\"https:\/\/panoramacritico.com\/revista\/wp-content\/uploads\/2021\/11\/Atlas-de-sensibilidade-ambiental-ao-oleo-da-Bacia-Maritima-de-Pelotas-1024x736.png\" alt=\"\" class=\"wp-image-215 size-full\" srcset=\"https:\/\/panoramacritico.com\/revista\/wp-content\/uploads\/2021\/11\/Atlas-de-sensibilidade-ambiental-ao-oleo-da-Bacia-Maritima-de-Pelotas-1024x736.png 1024w, https:\/\/panoramacritico.com\/revista\/wp-content\/uploads\/2021\/11\/Atlas-de-sensibilidade-ambiental-ao-oleo-da-Bacia-Maritima-de-Pelotas-300x216.png 300w, https:\/\/panoramacritico.com\/revista\/wp-content\/uploads\/2021\/11\/Atlas-de-sensibilidade-ambiental-ao-oleo-da-Bacia-Maritima-de-Pelotas-768x552.png 768w, https:\/\/panoramacritico.com\/revista\/wp-content\/uploads\/2021\/11\/Atlas-de-sensibilidade-ambiental-ao-oleo-da-Bacia-Maritima-de-Pelotas-1536x1104.png 1536w, https:\/\/panoramacritico.com\/revista\/wp-content\/uploads\/2021\/11\/Atlas-de-sensibilidade-ambiental-ao-oleo-da-Bacia-Maritima-de-Pelotas-2048x1472.png 2048w, https:\/\/panoramacritico.com\/revista\/wp-content\/uploads\/2021\/11\/Atlas-de-sensibilidade-ambiental-ao-oleo-da-Bacia-Maritima-de-Pelotas-1503x1080.png 1503w\" sizes=\"auto, (max-width: 1024px) 100vw, 1024px\" \/><\/figure><div class=\"wp-block-media-text__content\">\n<p><em>Org.: Jo\u00e3o Luiz Nicolodi, Minist\u00e9rio do Meio Ambiente&nbsp;<\/em><\/p>\n\n\n\n<p>O cen\u00e1rio da explora\u00e7\u00e3o de petr\u00f3leo na costa e plataforma continental brasileira vive momento de acelerada expans\u00e3o, sendo que o manuseio de equipamentos de extra\u00e7\u00e3o e transporte de \u00f3leo de instala\u00e7\u00f5es marinhas (offshore) e costeiras provoca uma demanda por instrumentos de planejamento, preven\u00e7\u00e3o e medidas mitigadoras. As Cartas SAO constituem um componente essencial e fonte de informa\u00e7\u00e3o prim\u00e1ria para o planejamento de conting\u00eancia e avalia\u00e7\u00e3o de danos em casos de derramamento de \u00f3leo. Ademais, as Cartas SAO representam uma ferramenta fundamental para o balizamento das a\u00e7\u00f5es de resposta a vazamentos de \u00f3leo, na medida em que, ao identificarem aqueles ambientes com prioridade de preserva\u00e7\u00e3o e as eventuais \u00e1reas de sacrif\u00edcio, permitem o correto direcionamento dos recursos dispon\u00edveis e a mobiliza\u00e7\u00e3o mais eficiente das equipes de prote\u00e7\u00e3o e limpeza. <\/p>\n\n\n\n<p>Dispon\u00edvel para download gratuito:<br><a href=\"https:\/\/www.dropbox.com\/s\/njwgcz88xm2mvh2\/Atlas_Cartas_SAO_BMPelotas.pdf?dl=1\" data-type=\"URL\" data-id=\"https:\/\/www.dropbox.com\/s\/njwgcz88xm2mvh2\/Atlas_Cartas_SAO_BMPelotas.pdf?dl=1\" target=\"_blank\" rel=\"noreferrer noopener\">pdf<\/a> <\/p>\n<\/div><\/div>\n\n\n\n<p class=\"has-small-font-size\">ISBN: 9788563870155<br>Idioma: portugu\u00eas<br>Edi\u00e7\u00e3o: 1\u00aa <br>Ano: 2017<br>P\u00e1ginas: 120<\/p>\n","protected":false},"excerpt":{"rendered":"<p>Org.: Jo\u00e3o Luiz Nicolodi, Minist\u00e9rio do Meio Ambiente&nbsp; O cen\u00e1rio da explora\u00e7\u00e3o de petr\u00f3leo na costa e plataforma continental brasileira vive momento de acelerada expans\u00e3o, sendo que o manuseio de equipamentos de extra\u00e7\u00e3o e transporte de \u00f3leo de instala\u00e7\u00f5es marinhas (offshore) e costeiras provoca uma demanda por instrumentos de planejamento, preven\u00e7\u00e3o e medidas mitigadoras. As [&hellip;]<\/p>\n","protected":false},"author":3,"featured_media":0,"parent":95,"menu_order":0,"comment_status":"closed","ping_status":"closed","template":"","meta":{"footnotes":""},"class_list":["post-265","page","type-page","status-publish","hentry","post"],"_links":{"self":[{"href":"https:\/\/panoramacritico.com\/revista\/wp-json\/wp\/v2\/pages\/265","targetHints":{"allow":["GET"]}}],"collection":[{"href":"https:\/\/panoramacritico.com\/revista\/wp-json\/wp\/v2\/pages"}],"about":[{"href":"https:\/\/panoramacritico.com\/revista\/wp-json\/wp\/v2\/types\/page"}],"author":[{"embeddable":true,"href":"https:\/\/panoramacritico.com\/revista\/wp-json\/wp\/v2\/users\/3"}],"replies":[{"embeddable":true,"href":"https:\/\/panoramacritico.com\/revista\/wp-json\/wp\/v2\/comments?post=265"}],"version-history":[{"count":11,"href":"https:\/\/panoramacritico.com\/revista\/wp-json\/wp\/v2\/pages\/265\/revisions"}],"predecessor-version":[{"id":1072,"href":"https:\/\/panoramacritico.com\/revista\/wp-json\/wp\/v2\/pages\/265\/revisions\/1072"}],"up":[{"embeddable":true,"href":"https:\/\/panoramacritico.com\/revista\/wp-json\/wp\/v2\/pages\/95"}],"wp:attachment":[{"href":"https:\/\/panoramacritico.com\/revista\/wp-json\/wp\/v2\/media?parent=265"}],"curies":[{"name":"wp","href":"https:\/\/api.w.org\/{rel}","templated":true}]}}