{"id":293,"date":"2021-11-04T21:29:08","date_gmt":"2021-11-04T21:29:08","guid":{"rendered":"http:\/\/br1056.teste.website\/~panor514\/revista.panoramacritico.com\/?page_id=293"},"modified":"2025-05-11T21:25:48","modified_gmt":"2025-05-11T21:25:48","slug":"edicao-03","status":"publish","type":"page","link":"https:\/\/panoramacritico.com\/revista\/edicoes-anteriores\/edicao-03\/","title":{"rendered":"Edi\u00e7\u00e3o #03"},"content":{"rendered":"\n<hr class=\"wp-block-separator has-text-color has-cyan-bluish-gray-color has-css-opacity has-cyan-bluish-gray-background-color has-background is-style-wide\"\/>\n\n\n\n<p>  Outubro de 2009  <\/p>\n\n\n\n<div class=\"wp-block-media-text alignwide is-stacked-on-mobile\" style=\"grid-template-columns:30% auto\"><figure class=\"wp-block-media-text__media\"><img loading=\"lazy\" decoding=\"async\" width=\"640\" height=\"1024\" src=\"https:\/\/panoramacritico.com\/revista\/wp-content\/uploads\/2021\/11\/Capa03-640x1024.jpg\" alt=\"\" class=\"wp-image-271 size-full\" srcset=\"https:\/\/panoramacritico.com\/revista\/wp-content\/uploads\/2021\/11\/Capa03-640x1024.jpg 640w, https:\/\/panoramacritico.com\/revista\/wp-content\/uploads\/2021\/11\/Capa03-188x300.jpg 188w, https:\/\/panoramacritico.com\/revista\/wp-content\/uploads\/2021\/11\/Capa03-768x1229.jpg 768w, https:\/\/panoramacritico.com\/revista\/wp-content\/uploads\/2021\/11\/Capa03-960x1536.jpg 960w, https:\/\/panoramacritico.com\/revista\/wp-content\/uploads\/2021\/11\/Capa03-1280x2048.jpg 1280w, https:\/\/panoramacritico.com\/revista\/wp-content\/uploads\/2021\/11\/Capa03-1024x1638.jpg 1024w, https:\/\/panoramacritico.com\/revista\/wp-content\/uploads\/2021\/11\/Capa03-675x1080.jpg 675w, https:\/\/panoramacritico.com\/revista\/wp-content\/uploads\/2021\/11\/Capa03-scaled.jpg 1600w\" sizes=\"auto, (max-width: 640px) 100vw, 640px\" \/><\/figure><div class=\"wp-block-media-text__content\">\n<p><strong>Panorama:<br><\/strong>A Situa\u00e7\u00e3o Cr\u00edtica: Uma Panor\u00e2mica &#8211; <em>Paulo Gomes<\/em><\/p>\n\n\n\n<p><strong>Artigos:<br><\/strong>Meus Documentos: A casa e o espa\u00e7o da mem\u00f3ria &#8211; <em>Marilice Corona<\/em><br>Sobre as coisas que escolhemos guardar ou que n\u00e3o conseguimos descartar: documentos de trabalho &#8211; <em>Marina Bortoluz Polidoro<\/em><br>Arquivos fotogr\u00e1ficos &#8211; <em>Elaine Tedesco<\/em><\/p>\n\n\n\n<p><strong>Ensaios:<br><\/strong>Documentos de Trabalho: cartografias do olhar &#8211; <em>Lilian Maus Junqueira<\/em><br>Lia no infinitivo &#8211; <em>Vitor Butkus<\/em><\/p>\n\n\n\n<p><strong>Entrevistas:<br><\/strong>Abertura e experimenta\u00e7\u00e3o: acontecimento &#8211; Victoria Noorthoorn e Camilo Y\u00e1\u00f1ez, curadores da 7\u00aa Bienal do Mercosul &#8211; <em>Equipe Panorama Cr\u00edtico<\/em> <\/p>\n\n\n\n<p>Dispon\u00edvel em:<br><a href=\"https:\/\/www.dropbox.com\/scl\/fi\/2z9ytyt3attjlqssi9y0z\/PanoramaCr-tico-03_pdf.pdf?rlkey=katwlkn1z769l1oovamlyoc4z&amp;dl=1\" data-type=\"URL\" data-id=\"https:\/\/www.dropbox.com\/s\/x7a9bxcqq6kmma5\/PanoramaCr%C3%ADtico%2303_pdf.pdf?dl=1\">pdf<\/a>, <a href=\"https:\/\/www.dropbox.com\/scl\/fi\/g2eh6nxaov9i1bn00nm31\/Revista-PanoramaCritico-03-Panorama-Critico.epub?rlkey=j8qv7fif7hfd9y76pv4a4xar1&amp;st=oy3ea87f&amp;dl=1\" data-type=\"URL\" data-id=\"https:\/\/www.dropbox.com\/s\/88y70dcne9qt1ea\/Revista%20PanoramaCritico%2003%20-%20Panorama%20Critico.epub?dl=1\">epub<\/a>, <a href=\"https:\/\/www.dropbox.com\/scl\/fi\/1io5twfrv1g64f0keusop\/Revista-PanoramaCritico-03-Panorama-Critico.mobi?rlkey=mvpwy2r5bv70qw47qq7b3nxf8&amp;st=q83li7hc&amp;dl=1\" data-type=\"URL\" data-id=\"https:\/\/www.dropbox.com\/s\/fphgbcq4q3vjwxv\/Revista%20PanoramaCritico%2003%20-%20Panorama%20Critico.mobi?dl=1\">mobi<\/a><\/p>\n<\/div><\/div>\n\n\n\n<div class=\"wp-block-columns is-layout-flex wp-container-core-columns-is-layout-9d6595d7 wp-block-columns-is-layout-flex\">\n<div class=\"wp-block-column is-layout-flow wp-block-column-is-layout-flow\"><span class=\"sb_cl_prev_page sb_cl\">&#0171; <a href=\"https:\/\/panoramacritico.com\/revista\/edicoes-anteriores\/edicao-02\/\">Edi\u00e7\u00e3o #02<\/a><\/span>\n<\/div>\n\n\n\n<div class=\"wp-block-column is-layout-flow wp-block-column-is-layout-flow\"><span class=\"sb_cl_next_page sb_cl\"><a href=\"https:\/\/panoramacritico.com\/revista\/edicoes-anteriores\/edicao-04\/\">Edi\u00e7\u00e3o #04<\/a> &#0187;<\/span>\n<\/div>\n<\/div>\n\n\n\n<div class=\"wp-block-buttons alignfull is-content-justification-center is-layout-flex wp-block-buttons-is-layout-flex\">\n<div class=\"wp-block-button is-style-outline is-style-outline--1\"><a class=\"wp-block-button__link\" href=\"https:\/\/panoramacritico.com\/revista\/edicoes-anteriores\/\">          Toda as edi\u00e7\u00f5es anteriores            <\/a><\/div>\n<\/div>\n","protected":false},"excerpt":{"rendered":"<p>Outubro de 2009 Panorama:A Situa\u00e7\u00e3o Cr\u00edtica: Uma Panor\u00e2mica &#8211; Paulo Gomes Artigos:Meus Documentos: A casa e o espa\u00e7o da mem\u00f3ria &#8211; Marilice CoronaSobre as coisas que escolhemos guardar ou que n\u00e3o conseguimos descartar: documentos de trabalho &#8211; Marina Bortoluz PolidoroArquivos fotogr\u00e1ficos &#8211; Elaine Tedesco Ensaios:Documentos de Trabalho: cartografias do olhar &#8211; Lilian Maus JunqueiraLia no [&hellip;]<\/p>\n","protected":false},"author":3,"featured_media":0,"parent":359,"menu_order":3,"comment_status":"closed","ping_status":"closed","template":"","meta":{"footnotes":""},"class_list":["post-293","page","type-page","status-publish","hentry","post"],"_links":{"self":[{"href":"https:\/\/panoramacritico.com\/revista\/wp-json\/wp\/v2\/pages\/293","targetHints":{"allow":["GET"]}}],"collection":[{"href":"https:\/\/panoramacritico.com\/revista\/wp-json\/wp\/v2\/pages"}],"about":[{"href":"https:\/\/panoramacritico.com\/revista\/wp-json\/wp\/v2\/types\/page"}],"author":[{"embeddable":true,"href":"https:\/\/panoramacritico.com\/revista\/wp-json\/wp\/v2\/users\/3"}],"replies":[{"embeddable":true,"href":"https:\/\/panoramacritico.com\/revista\/wp-json\/wp\/v2\/comments?post=293"}],"version-history":[{"count":12,"href":"https:\/\/panoramacritico.com\/revista\/wp-json\/wp\/v2\/pages\/293\/revisions"}],"predecessor-version":[{"id":4504,"href":"https:\/\/panoramacritico.com\/revista\/wp-json\/wp\/v2\/pages\/293\/revisions\/4504"}],"up":[{"embeddable":true,"href":"https:\/\/panoramacritico.com\/revista\/wp-json\/wp\/v2\/pages\/359"}],"wp:attachment":[{"href":"https:\/\/panoramacritico.com\/revista\/wp-json\/wp\/v2\/media?parent=293"}],"curies":[{"name":"wp","href":"https:\/\/api.w.org\/{rel}","templated":true}]}}