{"id":311,"date":"2021-11-04T21:48:12","date_gmt":"2021-11-04T21:48:12","guid":{"rendered":"http:\/\/br1056.teste.website\/~panor514\/revista.panoramacritico.com\/?page_id=311"},"modified":"2025-05-11T21:28:15","modified_gmt":"2025-05-11T21:28:15","slug":"edicao-06","status":"publish","type":"page","link":"https:\/\/panoramacritico.com\/revista\/edicoes-anteriores\/edicao-06\/","title":{"rendered":"Edi\u00e7\u00e3o #06"},"content":{"rendered":"\n<hr class=\"wp-block-separator has-text-color has-cyan-bluish-gray-color has-css-opacity has-cyan-bluish-gray-background-color has-background is-style-wide\"\/>\n\n\n\n<p>Junho de 2010<\/p>\n\n\n\n<div class=\"wp-block-media-text alignwide is-stacked-on-mobile is-vertically-aligned-top\" style=\"grid-template-columns:35% auto\"><figure class=\"wp-block-media-text__media\"><img loading=\"lazy\" decoding=\"async\" width=\"640\" height=\"1024\" src=\"https:\/\/panoramacritico.com\/revista\/wp-content\/uploads\/2021\/11\/Capa06-640x1024.jpg\" alt=\"\" class=\"wp-image-274 size-full\" srcset=\"https:\/\/panoramacritico.com\/revista\/wp-content\/uploads\/2021\/11\/Capa06-640x1024.jpg 640w, https:\/\/panoramacritico.com\/revista\/wp-content\/uploads\/2021\/11\/Capa06-188x300.jpg 188w, https:\/\/panoramacritico.com\/revista\/wp-content\/uploads\/2021\/11\/Capa06-768x1229.jpg 768w, https:\/\/panoramacritico.com\/revista\/wp-content\/uploads\/2021\/11\/Capa06-960x1536.jpg 960w, https:\/\/panoramacritico.com\/revista\/wp-content\/uploads\/2021\/11\/Capa06-1280x2048.jpg 1280w, https:\/\/panoramacritico.com\/revista\/wp-content\/uploads\/2021\/11\/Capa06-1024x1638.jpg 1024w, https:\/\/panoramacritico.com\/revista\/wp-content\/uploads\/2021\/11\/Capa06-675x1080.jpg 675w, https:\/\/panoramacritico.com\/revista\/wp-content\/uploads\/2021\/11\/Capa06-scaled.jpg 1600w\" sizes=\"auto, (max-width: 640px) 100vw, 640px\" \/><\/figure><div class=\"wp-block-media-text__content\">\n<p><strong>Panorama:<br><\/strong>Brev\u00edssimos apontamentos sobre cr\u00edtica de arte, m\u00eddia e cultura contempor\u00e2nea &#8211; <em>Paula Ramos<\/em><\/p>\n\n\n\n<p><strong>Artigos:<br><\/strong>Dispositivos relacionais em processos coletivos e pr\u00e1tica art\u00edstica em comunidades: hortas comunit\u00e1rias e canteiros como possibilidade &#8211; <em>Janice Martins Sitya Appel <\/em><br>Comunica\u00e7\u00f5es indiretas entre Le\u00f3n Ferrari e Mira Schendel, sob um alfabeto enfurecido &#8211; <em>Bruno Dorneles da Silva e Bianca Knaak <\/em><br>Os espa\u00e7os em tr\u00e2nsito da Arte: In-situ e site-specific, algumas quest\u00f5es para discuss\u00e3o &#8211; <em>Tiago Giora<\/em><\/p>\n\n\n\n<p><strong>Ensaios:<br><\/strong>Cr\u00edtica de arte: esfacelamento ou mudan\u00e7a de atitude frente aos processos art\u00edsticos contempor\u00e2neos? &#8211; <em>Karine Gomes Perez<\/em> <br>Arte e sistema: onde est\u00e1 a arte? &#8211; <em>Paula Frassinetti <\/em><br>Olhares m\u00faltiplos: confer\u00eancias marcam in\u00edcio das atividades do rec\u00e9m-inaugurado curso de Hist\u00f3ria da Arte &#8211; <em>Rosane Vargas<\/em><br><br>DOSSI\u00ca VIDAS DO FORA: MEM\u00d3RIA, VIDAS E OBRAS<br>Introduzir o que \u00e9 em si &#8211; <em>Andr\u00e9 Dornelles Pares <\/em><br>Vidas do Fora e a escrileitura de um mundo incont\u00e1vel &#8211; <em>Tania Mara Galli Fonseca<\/em> <br>Ao som de uma can\u00e7\u00e3ozinha Luiz sai de sua casa &#8211; <em>Andresa Ribeiro Thomazoni <\/em><br>Nat\u00e1lia e o universo em uma casca cor-de-ab\u00f3bora &#8211; <em>F\u00e1bio Dal Molin<\/em> <br>uma Vida em Acervo: experi\u00eancia e escrita &#8211; <em>Leonardo Martins Costa Garavelo<\/em> <br>C.RCP: uma vida &#8211; <em>Sara Hartmann<\/em><\/p>\n\n\n\n<p><strong>Ensaio Visual:<br><\/strong>Oficina de Criatividade: Hospital psiqui\u00e1trico S\u00e3o Pedro &#8211; <em>Lilian Santos Gomes<\/em><\/p>\n\n\n\n<p><strong>Entrevistas:<br><\/strong>Maria Helena Bernardes: Horizonte Expandido<\/p>\n\n\n\n<p>Dispon\u00edvel em:<br><a href=\"https:\/\/www.dropbox.com\/scl\/fi\/newtfkdx1q8xe44ofwz5q\/PanoramaCr-tico-06_pdf.pdf?rlkey=tlrwhkyy3980gpvr0qwdnp30w&amp;dl=1\" data-type=\"URL\" data-id=\"https:\/\/www.dropbox.com\/s\/6ewzl9rna3v9wix\/PanoramaCr%C3%ADtico%2306_pdf.pdf?dl=1\">pdf<\/a>, <a href=\"https:\/\/www.dropbox.com\/scl\/fi\/1eb585g7ocjxb5vov0ba8\/Revista-PanoramaCritico-06-Panorama-Critico.epub?rlkey=3kp28gthi68qvuxh8c3i3jzb6&amp;st=r63fj89q&amp;dl=1\" data-type=\"URL\" data-id=\"https:\/\/www.dropbox.com\/s\/mj4dhhjhdq9fy9g\/Revista%20PanoramaCritico%2006%20-%20Panorama%20Critico.epub?dl=1\">epub<\/a>, <a href=\"https:\/\/www.dropbox.com\/scl\/fi\/0ilqrnk0yhwdc71k3kkye\/Revista-PanoramaCritico-06-Panorama-Critico.mobi?rlkey=yu19yoy8ha69v633eaib7eq3l&amp;st=v5v3duvd&amp;dl=1\">mobi<\/a><\/p>\n<\/div><\/div>\n\n\n\n<div class=\"wp-block-columns is-layout-flex wp-container-core-columns-is-layout-9d6595d7 wp-block-columns-is-layout-flex\">\n<div class=\"wp-block-column is-layout-flow wp-block-column-is-layout-flow\"><span class=\"sb_cl_prev_page sb_cl\">&#0171; <a href=\"https:\/\/panoramacritico.com\/revista\/edicoes-anteriores\/edicao-05\/\">Edi\u00e7\u00e3o #05<\/a><\/span>\n<\/div>\n\n\n\n<div class=\"wp-block-column is-layout-flow wp-block-column-is-layout-flow\"><span class=\"sb_cl_next_page sb_cl\"><a href=\"https:\/\/panoramacritico.com\/revista\/edicoes-anteriores\/edicao-07\/\">Edi\u00e7\u00e3o #07<\/a> &#0187;<\/span>\n<\/div>\n<\/div>\n\n\n\n<div class=\"wp-block-buttons alignfull is-content-justification-center is-layout-flex wp-block-buttons-is-layout-flex\">\n<div class=\"wp-block-button is-style-outline is-style-outline--1\"><a class=\"wp-block-button__link\" href=\"https:\/\/panoramacritico.com\/revista\/edicoes-anteriores\/\">          Toda as edi\u00e7\u00f5es anteriores            <\/a><\/div>\n<\/div>\n","protected":false},"excerpt":{"rendered":"<p>Junho de 2010 Panorama:Brev\u00edssimos apontamentos sobre cr\u00edtica de arte, m\u00eddia e cultura contempor\u00e2nea &#8211; Paula Ramos Artigos:Dispositivos relacionais em processos coletivos e pr\u00e1tica art\u00edstica em comunidades: hortas comunit\u00e1rias e canteiros como possibilidade &#8211; Janice Martins Sitya Appel Comunica\u00e7\u00f5es indiretas entre Le\u00f3n Ferrari e Mira Schendel, sob um alfabeto enfurecido &#8211; Bruno Dorneles da Silva e [&hellip;]<\/p>\n","protected":false},"author":3,"featured_media":0,"parent":359,"menu_order":6,"comment_status":"closed","ping_status":"closed","template":"","meta":{"footnotes":""},"class_list":["post-311","page","type-page","status-publish","hentry","post"],"_links":{"self":[{"href":"https:\/\/panoramacritico.com\/revista\/wp-json\/wp\/v2\/pages\/311","targetHints":{"allow":["GET"]}}],"collection":[{"href":"https:\/\/panoramacritico.com\/revista\/wp-json\/wp\/v2\/pages"}],"about":[{"href":"https:\/\/panoramacritico.com\/revista\/wp-json\/wp\/v2\/types\/page"}],"author":[{"embeddable":true,"href":"https:\/\/panoramacritico.com\/revista\/wp-json\/wp\/v2\/users\/3"}],"replies":[{"embeddable":true,"href":"https:\/\/panoramacritico.com\/revista\/wp-json\/wp\/v2\/comments?post=311"}],"version-history":[{"count":15,"href":"https:\/\/panoramacritico.com\/revista\/wp-json\/wp\/v2\/pages\/311\/revisions"}],"predecessor-version":[{"id":4509,"href":"https:\/\/panoramacritico.com\/revista\/wp-json\/wp\/v2\/pages\/311\/revisions\/4509"}],"up":[{"embeddable":true,"href":"https:\/\/panoramacritico.com\/revista\/wp-json\/wp\/v2\/pages\/359"}],"wp:attachment":[{"href":"https:\/\/panoramacritico.com\/revista\/wp-json\/wp\/v2\/media?parent=311"}],"curies":[{"name":"wp","href":"https:\/\/api.w.org\/{rel}","templated":true}]}}