{"id":327,"date":"2021-11-04T22:08:43","date_gmt":"2021-11-04T22:08:43","guid":{"rendered":"http:\/\/br1056.teste.website\/~panor514\/revista.panoramacritico.com\/?page_id=327"},"modified":"2025-05-11T21:29:26","modified_gmt":"2025-05-11T21:29:26","slug":"edicao-08-09","status":"publish","type":"page","link":"https:\/\/panoramacritico.com\/revista\/edicoes-anteriores\/edicao-08-09\/","title":{"rendered":"Edi\u00e7\u00e3o #08 &#038; 09"},"content":{"rendered":"\n<hr class=\"wp-block-separator has-text-color has-cyan-bluish-gray-color has-css-opacity has-cyan-bluish-gray-background-color has-background is-style-wide\"\/>\n\n\n\n<p>Dezembro de 2010  <\/p>\n\n\n\n<div class=\"wp-block-media-text alignwide is-stacked-on-mobile is-vertically-aligned-top\" style=\"grid-template-columns:40% auto\"><figure class=\"wp-block-media-text__media\"><img loading=\"lazy\" decoding=\"async\" width=\"640\" height=\"1024\" src=\"https:\/\/panoramacritico.com\/revista\/wp-content\/uploads\/2021\/11\/Capa0809-640x1024.jpg\" alt=\"\" class=\"wp-image-276 size-full\" srcset=\"https:\/\/panoramacritico.com\/revista\/wp-content\/uploads\/2021\/11\/Capa0809-640x1024.jpg 640w, https:\/\/panoramacritico.com\/revista\/wp-content\/uploads\/2021\/11\/Capa0809-188x300.jpg 188w, https:\/\/panoramacritico.com\/revista\/wp-content\/uploads\/2021\/11\/Capa0809-768x1229.jpg 768w, https:\/\/panoramacritico.com\/revista\/wp-content\/uploads\/2021\/11\/Capa0809-960x1536.jpg 960w, https:\/\/panoramacritico.com\/revista\/wp-content\/uploads\/2021\/11\/Capa0809-1280x2048.jpg 1280w, https:\/\/panoramacritico.com\/revista\/wp-content\/uploads\/2021\/11\/Capa0809-1024x1638.jpg 1024w, https:\/\/panoramacritico.com\/revista\/wp-content\/uploads\/2021\/11\/Capa0809-675x1080.jpg 675w, https:\/\/panoramacritico.com\/revista\/wp-content\/uploads\/2021\/11\/Capa0809-scaled.jpg 1600w\" sizes=\"auto, (max-width: 640px) 100vw, 640px\" \/><\/figure><div class=\"wp-block-media-text__content\">\n<p><strong>Panorama:<br><\/strong>Quantas tempestades cabem num copo de mar? Ensaio sobre a Bienal de S\u00e3o Paulo &#8211; <em>Neiva Bohns<\/em><\/p>\n\n\n\n<p><strong>Artigos:<br><\/strong>Professor \u2013 Pesquisador \u2013 Artista: Uma profiss\u00e3o ou um terr\u00edvel engano? &#8211; <em>Felipe Caldas<\/em> <br>Um estudo de caso: ABSTRACT N\u00ba 1, por Tomoko Takahashi &#8211; <em>Mariana Duarte Garcia de Lacerda <\/em><br>Desestabilizando estruturas: os muros da cidade invadidos por Fierce Pussy &#8211; <em>Renata B. Wrobleski<\/em><\/p>\n\n\n\n<p><strong>Ensaios:<br><\/strong>DOSSI\u00ca &#8211; PLATAFORMA PERFORMANCE<br>Apresenta\u00e7\u00e3o: o pensamento em ato &#8211; <em>Lara Sosa e Vitor Butkus<\/em> <br>A terr\u00edvel aud\u00e1cia de uma entrega moment\u00e2nea: Considera\u00e7\u00f5es sobre o ato perform\u00e1tico Cabelo, de Paulo Nazareth &#8211; <em>Guilherme Mautone<\/em> <br>De humani corporis fabrica &#8211;<em> Vitor Butkus<\/em> <br>Calor, calor: mem\u00f3rias de um corpo-radical &#8211; <em>Biagio Pecorelli<\/em><\/p>\n\n\n\n<p><strong>Entrevistas:<br><\/strong>A pol\u00edtica na arte atrav\u00e9s da arte pol\u00edtica &#8211; Entrevista com Agnaldo Farias, curador da 29\u00aa Bienal de S\u00e3o Paulo<br>Paulo Nazareth &#8211; <em>Ana Paula Tomimori<\/em><\/p>\n\n\n\n<p><strong>Ensaio Visual:<br><\/strong>O AMARELO no meu cotidiano &#8211; <em>Fernanda Bec<\/em><\/p>\n\n\n\n<p>Dispon\u00edvel em:<br><a href=\"https:\/\/www.dropbox.com\/scl\/fi\/wpnz198xjn9m7m4n5vtgm\/PanoramaCr-tico-08_09_pdf.pdf?rlkey=h978v1q6appwfbcckqlrr9vqd&amp;dl=1\" data-type=\"URL\" data-id=\"https:\/\/www.dropbox.com\/s\/b955lbum2enmt1m\/PanoramaCr%C3%ADtico%2308_09_pdf.pdf?dl=1\">pdf<\/a>, <a href=\"https:\/\/www.dropbox.com\/scl\/fi\/5physctw9qktfl6i6wqos\/Revista-PanoramaCritico-08-09-Panorama-Critico.epub?rlkey=vpdgpx87x1j7joja9i9rz5462&amp;st=89ca0azm&amp;dl=1\" data-type=\"URL\" data-id=\"https:\/\/www.dropbox.com\/s\/3x3mx6ws8xrp9pg\/Revista%20PanoramaCritico%2008%20%26%2009%20-%20Panorama%20Critico.epub?dl=1\">epub<\/a>, <a href=\"https:\/\/www.dropbox.com\/scl\/fi\/ghf33gatqhdeoba2cfho4\/Revista-PanoramaCritico-08-09-Panorama-Critico.mobi?rlkey=kavu92df6j68m4id9w4pqlfly&amp;st=uyofh1si&amp;dl=01\" data-type=\"URL\" data-id=\"https:\/\/www.dropbox.com\/s\/qbhi1y4cxwtqreh\/Revista%20PanoramaCritico%2008%20%26%2009%20-%20Panorama%20Critico.mobi?dl=1\">mobi<\/a><\/p>\n<\/div><\/div>\n\n\n\n<div class=\"wp-block-columns is-layout-flex wp-container-core-columns-is-layout-9d6595d7 wp-block-columns-is-layout-flex\">\n<div class=\"wp-block-column is-layout-flow wp-block-column-is-layout-flow\"><span class=\"sb_cl_prev_page sb_cl\">&#0171; <a href=\"https:\/\/panoramacritico.com\/revista\/edicoes-anteriores\/edicao-07\/\">Edi\u00e7\u00e3o #07<\/a><\/span>\n<\/div>\n\n\n\n<div class=\"wp-block-column is-layout-flow wp-block-column-is-layout-flow\"><span class=\"sb_cl_next_page sb_cl\"><a href=\"https:\/\/panoramacritico.com\/revista\/edicoes-anteriores\/edicao-10\/\">Edi\u00e7\u00e3o #10<\/a> &#0187;<\/span>\n<\/div>\n<\/div>\n\n\n\n<div class=\"wp-block-buttons alignfull is-content-justification-center is-layout-flex wp-block-buttons-is-layout-flex\">\n<div class=\"wp-block-button is-style-outline is-style-outline--1\"><a class=\"wp-block-button__link\" href=\"https:\/\/panoramacritico.com\/revista\/edicoes-anteriores\/\">          Toda as edi\u00e7\u00f5es anteriores            <\/a><\/div>\n<\/div>\n","protected":false},"excerpt":{"rendered":"<p>Dezembro de 2010 Panorama:Quantas tempestades cabem num copo de mar? Ensaio sobre a Bienal de S\u00e3o Paulo &#8211; Neiva Bohns Artigos:Professor \u2013 Pesquisador \u2013 Artista: Uma profiss\u00e3o ou um terr\u00edvel engano? &#8211; Felipe Caldas Um estudo de caso: ABSTRACT N\u00ba 1, por Tomoko Takahashi &#8211; Mariana Duarte Garcia de Lacerda Desestabilizando estruturas: os muros da [&hellip;]<\/p>\n","protected":false},"author":3,"featured_media":0,"parent":359,"menu_order":8,"comment_status":"closed","ping_status":"closed","template":"","meta":{"footnotes":""},"class_list":["post-327","page","type-page","status-publish","hentry","post"],"_links":{"self":[{"href":"https:\/\/panoramacritico.com\/revista\/wp-json\/wp\/v2\/pages\/327","targetHints":{"allow":["GET"]}}],"collection":[{"href":"https:\/\/panoramacritico.com\/revista\/wp-json\/wp\/v2\/pages"}],"about":[{"href":"https:\/\/panoramacritico.com\/revista\/wp-json\/wp\/v2\/types\/page"}],"author":[{"embeddable":true,"href":"https:\/\/panoramacritico.com\/revista\/wp-json\/wp\/v2\/users\/3"}],"replies":[{"embeddable":true,"href":"https:\/\/panoramacritico.com\/revista\/wp-json\/wp\/v2\/comments?post=327"}],"version-history":[{"count":13,"href":"https:\/\/panoramacritico.com\/revista\/wp-json\/wp\/v2\/pages\/327\/revisions"}],"predecessor-version":[{"id":4511,"href":"https:\/\/panoramacritico.com\/revista\/wp-json\/wp\/v2\/pages\/327\/revisions\/4511"}],"up":[{"embeddable":true,"href":"https:\/\/panoramacritico.com\/revista\/wp-json\/wp\/v2\/pages\/359"}],"wp:attachment":[{"href":"https:\/\/panoramacritico.com\/revista\/wp-json\/wp\/v2\/media?parent=327"}],"curies":[{"name":"wp","href":"https:\/\/api.w.org\/{rel}","templated":true}]}}