{"id":3304,"date":"2025-06-03T19:54:56","date_gmt":"2025-06-03T19:54:56","guid":{"rendered":"https:\/\/panoramacritico.com\/revista\/?page_id=3304"},"modified":"2025-06-03T19:54:56","modified_gmt":"2025-06-03T19:54:56","slug":"mariana-de-marco-a-abril-a-cidade-pista-de-skate","status":"publish","type":"page","link":"https:\/\/panoramacritico.com\/revista\/mariana-de-marco-a-abril-a-cidade-pista-de-skate\/","title":{"rendered":"Mariana de Mar\u00e7o a Abril: A cidade pista de skate."},"content":{"rendered":"\n<div class=\"wp-block-media-text alignwide is-stacked-on-mobile is-vertically-aligned-top\" style=\"grid-template-columns:35% auto\"><figure class=\"wp-block-media-text__media\"><img loading=\"lazy\" decoding=\"async\" width=\"717\" height=\"1024\" src=\"https:\/\/panoramacritico.com\/revista\/wp-content\/uploads\/2025\/06\/CAPA_Mariana-de-marco-a-abril-717x1024.png\" alt=\"\" class=\"wp-image-4547 size-full\" srcset=\"https:\/\/panoramacritico.com\/revista\/wp-content\/uploads\/2025\/06\/CAPA_Mariana-de-marco-a-abril-717x1024.png 717w, https:\/\/panoramacritico.com\/revista\/wp-content\/uploads\/2025\/06\/CAPA_Mariana-de-marco-a-abril-210x300.png 210w, https:\/\/panoramacritico.com\/revista\/wp-content\/uploads\/2025\/06\/CAPA_Mariana-de-marco-a-abril-768x1096.png 768w, https:\/\/panoramacritico.com\/revista\/wp-content\/uploads\/2025\/06\/CAPA_Mariana-de-marco-a-abril-1076x1536.png 1076w, https:\/\/panoramacritico.com\/revista\/wp-content\/uploads\/2025\/06\/CAPA_Mariana-de-marco-a-abril-1435x2048.png 1435w, https:\/\/panoramacritico.com\/revista\/wp-content\/uploads\/2025\/06\/CAPA_Mariana-de-marco-a-abril-150x214.png 150w, https:\/\/panoramacritico.com\/revista\/wp-content\/uploads\/2025\/06\/CAPA_Mariana-de-marco-a-abril.png 1647w\" sizes=\"auto, (max-width: 717px) 100vw, 717px\" \/><\/figure><div class=\"wp-block-media-text__content\">\n<p class=\"has-text-align-left\"><em>Guilherme Corezola Vieira<br><\/em><br>&#8220;Quando Mariana, uma menina com poucas papas na l\u00edngua, rouba o skate do irm\u00e3o, mal ela imaginava que estaria dando in\u00edcio a uma nova fase em sua vida. A rua, a cidade e at\u00e9 a escola v\u00e3o ganhando novos significados entre primeiros sinais de rebeldia, amizades e intrigas. Em seu caderno transformado em di\u00e1rio, ela relata os principais acontecimentos que marcaram sua vida nos meses de Mar\u00e7o e Abril.&#8221;<\/p>\n\n\n\n<p>Descubra Mariana de Mar\u00e7o \u00e0 Abril: A cidade pista de skate, uma obra cativante do autor Guilherme Corezola Vieira, ideal para jovens leitores apaixonados por aventuras. Com 72 p\u00e1ginas repletas de uma narrativa envolvente, este livro convida os leitores a explorar um universo radical onde o skate \u00e9 mais do que um esporte, \u00e9 uma forma de vida e liberdade.<\/p>\n\n\n\n<p>Publicada pela Pi\u00e3o Livros em 2025, esta edi\u00e7\u00e3o de capa mole tem um tamanho pr\u00e1tico de 21 cm de altura por 14 cm de largura, tornando-a perfeita para qualquer mochila ou estante. A leitura n\u00e3o apenas entret\u00e9m, mas tamb\u00e9m inspira e estimula a criatividade dos seus leitores, oferecendo uma vis\u00e3o \u00fanica sobre a vida urbana atrav\u00e9s dos olhos da protagonista.<\/p>\n\n\n\n<p>Mariana n\u00e3o \u00e9 apenas uma hist\u00f3ria; \u00e9 uma janela para um mundo de aventuras, amizades e desafios na cidade viva e cheia de manobras. Com uma linguagem acess\u00edvel em portugu\u00eas e voltado para o p\u00fablico juvenil, este livro \u00e9 uma excelente op\u00e7\u00e3o de presente ou para enriquecer sua pr\u00f3pria cole\u00e7\u00e3o.<\/p>\n\n\n\n<p class=\"has-text-align-left\">A experi\u00eancia de leitura se completa com cada p\u00e1gina, em um formato que se adapta perfeitamente ao ritmo da vida jovem atual. Ao escolher Mariana de Mar\u00e7o \u00e0 Abril, voc\u00ea n\u00e3o est\u00e1 apenas adquirindo um livro, mas embarcando em uma jornada de descobertas e aprendizados.<\/p>\n\n\n\n<div class=\"wp-block-buttons is-layout-flex wp-block-buttons-is-layout-flex\">\n<div class=\"wp-block-button is-style-outline is-style-outline--1\"><a class=\"wp-block-button__link has-vivid-red-color has-text-color has-medium-font-size has-custom-font-size wp-element-button\" href=\"https:\/\/panoramacritico.mercadoshops.com.br\/MLB-5416072036-mariana-de-marco-abril-a-cidade-pista-de-skate-_JM\" target=\"_blank\" rel=\"noreferrer noopener\"><strong>Comprar!<\/strong><\/a><\/div>\n<\/div>\n<\/div><\/div>\n\n\n\n<p class=\"has-small-font-size\">ISBN: 9786598520540<br>Idioma: portugu\u00eas<br>Edi\u00e7\u00e3o: 1\u00aa <br>Ano: 2025<br>P\u00e1ginas: 72<br>Selo: Pi\u00e3o Livros<\/p>\n\n\n\n<p><\/p>\n","protected":false},"excerpt":{"rendered":"<p>ISBN: 9786598520540Idioma: portugu\u00easEdi\u00e7\u00e3o: 1\u00aa Ano: 2025P\u00e1ginas: 72Selo: Pi\u00e3o Livros<\/p>\n","protected":false},"author":1,"featured_media":0,"parent":0,"menu_order":0,"comment_status":"closed","ping_status":"closed","template":"","meta":{"footnotes":""},"class_list":["post-3304","page","type-page","status-publish","hentry","post"],"_links":{"self":[{"href":"https:\/\/panoramacritico.com\/revista\/wp-json\/wp\/v2\/pages\/3304","targetHints":{"allow":["GET"]}}],"collection":[{"href":"https:\/\/panoramacritico.com\/revista\/wp-json\/wp\/v2\/pages"}],"about":[{"href":"https:\/\/panoramacritico.com\/revista\/wp-json\/wp\/v2\/types\/page"}],"author":[{"embeddable":true,"href":"https:\/\/panoramacritico.com\/revista\/wp-json\/wp\/v2\/users\/1"}],"replies":[{"embeddable":true,"href":"https:\/\/panoramacritico.com\/revista\/wp-json\/wp\/v2\/comments?post=3304"}],"version-history":[{"count":2,"href":"https:\/\/panoramacritico.com\/revista\/wp-json\/wp\/v2\/pages\/3304\/revisions"}],"predecessor-version":[{"id":4558,"href":"https:\/\/panoramacritico.com\/revista\/wp-json\/wp\/v2\/pages\/3304\/revisions\/4558"}],"wp:attachment":[{"href":"https:\/\/panoramacritico.com\/revista\/wp-json\/wp\/v2\/media?parent=3304"}],"curies":[{"name":"wp","href":"https:\/\/api.w.org\/{rel}","templated":true}]}}