{"id":85,"date":"2021-11-02T21:00:29","date_gmt":"2021-11-02T21:00:29","guid":{"rendered":"http:\/\/br1056.teste.website\/~panor514\/revista.panoramacritico.com\/?page_id=85"},"modified":"2021-12-01T19:22:58","modified_gmt":"2021-12-01T19:22:58","slug":"contribua","status":"publish","type":"page","link":"https:\/\/panoramacritico.com\/revista\/contribua\/","title":{"rendered":"Contribua!"},"content":{"rendered":"\n<hr class=\"wp-block-separator has-text-color has-background has-cyan-bluish-gray-background-color has-cyan-bluish-gray-color is-style-wide\"\/>\n\n\n\n<div class=\"wp-block-media-text alignwide has-media-on-the-right is-stacked-on-mobile\" style=\"grid-template-columns:auto 40%\"><figure class=\"wp-block-media-text__media\"><img loading=\"lazy\" decoding=\"async\" width=\"429\" height=\"423\" src=\"https:\/\/panoramacritico.com\/revista\/wp-content\/uploads\/2021\/10\/qrcode_pix2_panoramacritico-1.webp\" alt=\"\" class=\"wp-image-86 size-full\" srcset=\"https:\/\/panoramacritico.com\/revista\/wp-content\/uploads\/2021\/10\/qrcode_pix2_panoramacritico-1.webp 429w, https:\/\/panoramacritico.com\/revista\/wp-content\/uploads\/2021\/10\/qrcode_pix2_panoramacritico-1-300x296.webp 300w\" sizes=\"auto, (max-width: 429px) 100vw, 429px\" \/><\/figure><div class=\"wp-block-media-text__content\">\n<p> A Revista Panorama Cr\u00edtico est\u00e1 de volta!!!\u200b <\/p>\n\n\n\n<p>&#8230;e para isso, toda a ajuda \u00e9 bem-vinda.<\/p>\n\n\n\n<p>\u200bNecessitamos de seu apoio para que a Revista Panorama Cr\u00edtico continue sendo um espa\u00e7o p\u00fablico, aberto e aut\u00f4nomo de trocas de ideias, discuss\u00f5es e a\u00e7\u00f5es acerca da produ\u00e7\u00e3o art\u00edstica contempor\u00e2nea.<\/p>\n\n\n\n<p>\u200bInsira nossa<strong> chave PIX (que \u00e9 nosso CNPJ: 10.582.737\/0001-13) <\/strong>ou voc\u00ea tamb\u00e9m pode usar o QRCode ao lado atrav\u00e9s do app do seu banco.<\/p>\n\n\n\n<p>\u200bVoc\u00ea pode contribuir com qualquer valor!<\/p>\n<\/div><\/div>\n","protected":false},"excerpt":{"rendered":"<p>A Revista Panorama Cr\u00edtico est\u00e1 de volta!!!\u200b &#8230;e para isso, toda a ajuda \u00e9 bem-vinda. \u200bNecessitamos de seu apoio para que a Revista Panorama Cr\u00edtico continue sendo um espa\u00e7o p\u00fablico, aberto e aut\u00f4nomo de trocas de ideias, discuss\u00f5es e a\u00e7\u00f5es acerca da produ\u00e7\u00e3o art\u00edstica contempor\u00e2nea. \u200bInsira nossa chave PIX (que \u00e9 nosso CNPJ: 10.582.737\/0001-13) ou [&hellip;]<\/p>\n","protected":false},"author":1,"featured_media":0,"parent":0,"menu_order":0,"comment_status":"closed","ping_status":"closed","template":"","meta":{"footnotes":""},"class_list":["post-85","page","type-page","status-publish","hentry","post"],"_links":{"self":[{"href":"https:\/\/panoramacritico.com\/revista\/wp-json\/wp\/v2\/pages\/85","targetHints":{"allow":["GET"]}}],"collection":[{"href":"https:\/\/panoramacritico.com\/revista\/wp-json\/wp\/v2\/pages"}],"about":[{"href":"https:\/\/panoramacritico.com\/revista\/wp-json\/wp\/v2\/types\/page"}],"author":[{"embeddable":true,"href":"https:\/\/panoramacritico.com\/revista\/wp-json\/wp\/v2\/users\/1"}],"replies":[{"embeddable":true,"href":"https:\/\/panoramacritico.com\/revista\/wp-json\/wp\/v2\/comments?post=85"}],"version-history":[{"count":16,"href":"https:\/\/panoramacritico.com\/revista\/wp-json\/wp\/v2\/pages\/85\/revisions"}],"predecessor-version":[{"id":1423,"href":"https:\/\/panoramacritico.com\/revista\/wp-json\/wp\/v2\/pages\/85\/revisions\/1423"}],"wp:attachment":[{"href":"https:\/\/panoramacritico.com\/revista\/wp-json\/wp\/v2\/media?parent=85"}],"curies":[{"name":"wp","href":"https:\/\/api.w.org\/{rel}","templated":true}]}}